 factors of 73245210?
2, 3, 5, 157, 15551
List the prime factors of 288994977.
3, 23, 127, 10993
What are the prime factors of 183039832?
2, 22879979
What are the prime factors of 11257681?
31, 363151
List the prime factors of 10863535.
5, 19, 173, 661
List the prime factors of 45479893.
45479893
List the prime factors of 4763934101.
4763934101
What are the prime factors of 237355512?
2, 3, 9889813
What are the prime factors of 309752824?
2, 38719103
List the prime factors of 6601380442.
2, 337, 797, 12289
What are the prime factors of 78362563?
78362563
List the prime factors of 550947244.
2, 23, 5988557
What are the prime factors of 1302110864?
2, 43, 79, 23957
What are the prime factors of 812196506?
2, 11, 36918023
What are the prime factors of 2976898583?
223, 1783, 7487
What are the prime factors of 2282179735?
5, 11, 53, 191, 4099
What are the prime factors of 61140518?
2, 19, 479, 3359
What are the prime factors of 201197839?
17, 2459, 4813
What are the prime factors of 30541997?
43, 727, 977
List the prime factors of 35486512.
2, 2217907
List the prime factors of 32328230.
2, 5, 11, 293893
What are the prime factors of 424302544?
2, 26518909
What are the prime factors of 1111128167?
37, 41, 509, 1439
List the prime factors of 402538482.
2, 3, 2221, 10069
What are the prime factors of 1482680340?
2, 3, 5, 8237113
What are the prime factors of 839933015?
5, 167986603
List the prime factors of 843083902.
2, 41, 227, 45293
List the prime factors of 158923283.
853, 186311
List the prime factors of 228082594.
2, 114041297
What are the prime factors of 366155?
5, 67, 1093
What are the prime factors of 821446850?
2, 5, 7, 83, 28277
List the prime factors of 12172794.
2, 3, 61, 79, 421
What are the prime factors of 111592627?
8501, 13127
List the prime factors of 626444208.
2, 3, 13, 163, 2053
What are the prime factors of 60625246?
2, 11, 2755693
List the prime factors of 306689797.
23, 113, 197, 599
What are the prime factors of 683339119?
347, 1969277
What are the prime factors of 64553110?
2, 5, 353, 18287
List the prime factors of 193460276.
2, 29, 131, 439
List the prime factors of 122126035.
5, 71, 344017
List the prime factors of 80419311.
3, 7, 141833
What are the prime factors of 446368321?
7, 461, 138323
What are the prime factors of 4959884442?
2, 3, 29, 59, 67, 7211
What are the prime factors of 5777451537?
3, 11, 13, 13467253
List the prime factors of 12834002.
2, 6417001
What are the prime factors of 398264759?
131, 3040189
List the prime factors of 64833656.
2, 8104207
List the prime factors of 458214666.
2, 3, 7, 13, 839221
List the prime factors of 6052761570.
2, 3, 5, 201758719
List the prime factors of 57138994.
2, 11, 41, 63347
What are the prime factors of 675442959?
3, 11593, 19421
List the prime factors of 5143412937.
3, 13, 877, 150379
List the prime factors of 154956585.
3, 5, 7, 1475777
What are the prime factors of 303670772?
2, 83, 197, 4643
List the prime factors of 3566142386.
2, 1783071193
What are the prime factors of 42064533?
3, 7, 667691
List the prime factors of 123303756.
2, 3, 563, 18251
List the prime factors of 161151961.
23, 7006607
List the prime factors of 221967406.
2, 79, 17783
List the prime factors of 633050359.
383, 1652873
List the prime factors of 8700552.
2, 3, 7, 61, 283
What are the prime factors of 105601092?
2, 3, 1789, 4919
What are the prime factors of 4362643285?
5, 7, 11, 13, 871657
What are the prime factors of 43322083?
7, 433, 14293
What are the prime factors of 308151926?
2, 59, 2611457
List the prime factors of 89536028.
2, 22384007
List the prime factors of 688482436.
2, 4673, 36833
What are the prime factors of 64276211?
673, 95507
List the prime factors of 8043576034.
2, 13, 739, 418631
List the prime factors of 105494979.
3, 17, 2068529
What are the prime factors of 83632529?
163, 513083
List the prime factors of 960407106.
2, 3, 1831, 87421
List the prime factors of 118910942.
2, 71, 89, 97
What are the prime factors of 22634500?
2, 5, 7, 29, 223
What are the prime factors of 1076608556?
2, 269152139
What are the prime factors of 30251136?
2, 3, 78779
What are the prime factors of 2746600363?
13, 101, 2091851
List the prime factors of 1924266441.
3, 31, 1051, 19687
What are the prime factors of 37211342?
2, 7, 61, 43573
List the prime factors of 1801417016.
2, 7, 523, 61507
List the prime factors of 5175756783.
3, 211, 2725517
List the prime factors of 2830437075.
3, 5, 167, 225983
List the prime factors of 226648086.
2, 3, 7, 683, 7901
List the prime factors of 1551540315.
3, 5, 13, 199, 39983
List the prime factors of 1154032909.
103, 761, 14723
What are the prime factors of 3208301078?
2, 149, 10766111
What are the prime factors of 491969149?
7, 23, 43, 179, 397
What are the prime factors of 42289256?
2, 283, 18679
List the prime factors of 2965126990.
2, 5, 7, 4177, 10141
List the prime factors of 26309675.
5, 7, 149, 1009
List the prime factors of 127374423.
3, 11, 19, 53, 3833
What are the prime factors of 346728662?
2, 7, 149, 359, 463
What are the prime factors of 41447496?
2, 3, 17, 29, 31, 113
What are the prime factors of 53695585?
5, 10739117
List the prime factors of 77741626.
2, 38870813
List the prime factors of 2328483124.
2, 11, 263, 311, 647
List the prime factors of 185137414.
2, 7, 11, 1202191
What are the prime factors of 1061953024?
2, 11, 157, 1201
List the prime factors of 137741899.
137741899
List the prime factors of 2704967.
31, 87257
What are the prime factors of 15597289?
23, 223, 3041
What are the prime factors of 122601190?
2, 5, 53, 231323
What are the prime factors of 955630407?
3, 4057, 78517
List the prime factors of 244031336.
2, 30503917
What are the prime factors of 156839142?
2, 3, 71, 347, 1061
What are the prime factors of 112786373?
7, 557, 28927
List the prime factors of 215490629.
41, 47, 111827
What are the prime factors of 69093298?
2, 34546649
List the prime factors of 140907647.
140907647
List the prime factors of 181498367.
73, 127, 19577
List the prime factors of 2161631860.
2, 5, 31, 1201, 2903
List the prime factors of 81524227.
81524227
List the prime factors of 1008533411.
3733, 270167
List the prime factors of 1778302244.
2, 59, 113, 66683
What are the prime factors of 3860972346?
2, 3, 7, 11, 1193869
What are the prime factors of 6157824360?
2, 3, 5, 51315203
List the prime factors of 499140825.
3, 5, 17, 23, 17021
List the prime factors of 14346567.
3, 1594063
List the prime factors of 8326069.
23, 362003
What are the prime factors of 142516897?
359, 396983
What are the prime factors of 1711398450?
2, 3, 5, 11409323
What are the prime factors of 1605483786?
2, 3, 3041, 87991
List the prime factors of 147447985.
5, 2879, 10243
List the prime factors of 51574000.
2, 5, 107, 241
What are the prime factors of 3204868483?
44623, 71821
List the prime factors of 39219867.
3, 17, 31, 8269
What are the prime factors of 215498531?
2113, 101987
What are the prime factors of 1132509090?
2, 3, 5, 977, 38639
List the prime factors of 2121787457.
2121787457
List the prime factors of 98530374.
2, 3, 157, 104597
What are the prime factors of 233355861?
3, 23, 1127323
List the prime factors of 17365191.
3, 2287, 2531
List the prime factors of 257262940.
2, 5, 11, 106307
What are the prime factors of 238295309?
7, 4259, 7993
What are the prime factors of 37346417?
37346417
What are the prime factors of 28794836?
2, 7, 269, 3823
What are the prime factors of 52649269?
71, 347, 2137
List the prime factors of 253880076.
2, 3, 461, 45893
List the prime factors of 34707163.
59, 588257
What are the prime factors of 185579551?
4651, 39901
List the prime factors of 209989510.
2, 5, 20998951
What are the prime factors of 2389048569?
3, 2557, 103813
List the prime factors of 9562464.
2, 3, 33203
List the prime factors of 171474933.
3, 7, 8165473
List the prime factors of 181387015.
5, 19, 709, 2693
What are the prime factors of 2365827792?
2, 3, 137, 359767
What are the prime factors of 1871818338?
2, 3, 13, 23, 1043377
List the prime factors of 50305716.
2, 3, 127, 11003
What are the prime factors of 808382080?
2, 5, 11, 114827
List the prime factors of 173069961.
3, 79, 730253
What are the prime factors of 91739666?
2, 45869833
List the pri